actor of 24672621?
True
Is 166 a factor of 133286531?
False
Does 134 divide 241578?
False
Is 32228942 a multiple of 809?
True
Is 5752 a factor of 242786168?
True
Does 770 divide 1819545420?
True
Does 43 divide 177530101?
True
Does 207 divide 850487566?
False
Does 24 divide 38123208?
True
Is 221 a factor of 992511?
True
Does 771 divide 968626311?
False
Does 18 divide 1498014?
True
Does 2568 divide 34313701?
False
Does 198 divide 1500060276?
True
Does 4566 divide 77122395?
False
Does 67 divide 366587924?
False
Does 42 divide 26726549?
False
Is 582 a factor of 4364924947?
False
Is 28 a factor of 3671788?
False
Is 5 a factor of 1330899782?
False
Is 79184498 a multiple of 8?
False
Is 125 a factor of 1209580875?
True
Is 74 a factor of 7696251608?
False
Is 69 a factor of 9478456?
False
Is 2225635 a multiple of 7?
False
Is 555399909 a multiple of 378?
False
Does 1191 divide 929350401?
True
Does 12 divide 445715076?
True
Is 61430612 a multiple of 40?
False
Does 1094 divide 797613920?
False
Does 57 divide 103479339?
True
Is 451 a factor of 5384038?
True
Is 103932230 a multiple of 443?
True
Is 30780150 a multiple of 75?
True
Does 169 divide 247131911?
True
Is 129 a factor of 91780404?
True
Is 8366767 even?
False
Does 456 divide 29080032?
True
Is 272583476 a multiple of 1331?
True
Is 12011487 a multiple of 2?
False
Is 5 a factor of 22043104?
False
Is 2113 a factor of 32459906?
True
Is 22695624 a multiple of 2058?
True
Is 1164 a factor of 1077931512?
True
Is 22767413 a multiple of 10?
False
Is 1922683131 a multiple of 57?
True
Is 2989 a factor of 24670752?
False
Does 713 divide 426638290?
False
Does 41 divide 76969464?
True
Is 58 a factor of 82864013?
False
Is 1908 a factor of 50434164?
True
Does 3893 divide 5521843561?
False
Is 7 a factor of 27412?
True
Does 4395 divide 388069691?
False
Is 1660661427 a multiple of 271?
False
Is 8 a factor of 123576439?
False
Is 38 a factor of 149983488?
False
Is 4261809306 a multiple of 2517?
False
Does 6 divide 5786112?
True
Does 785 divide 855306541?
False
Is 261442893 a multiple of 14?
False
Does 9 divide 77896278?
True
Is 7235870409 a multiple of 1467?
True
Is 15 a factor of 83981121?
False
Does 1684 divide 2534327380?
True
Does 354 divide 159283481?
False
Does 2 divide 22441512?
True
Is 82 a factor of 16061340?
True
Is 45 a factor of 5375188?
False
Is 28222896 a multiple of 93?
True
Does 189 divide 191648677?
False
Does 897 divide 17729112?
False
Is 62 a factor of 24512108?
False
Does 5322 divide 1245119154?
True
Is 848 a factor of 101216116?
False
Is 78105496 a multiple of 3644?
True
Is 4 a factor of 28827529?
False
Does 904 divide 225613088?
True
Does 42 divide 80531682?
True
Is 314 a factor of 163224776?
False
Is 27709486 a multiple of 641?
False
Is 479933842 a multiple of 2153?
True
Does 203 divide 1064563668?
True
Does 20 divide 43106420?
True
Does 130 divide 6793063?
False
Is 8125440 a multiple of 3680?
True
Does 303 divide 24536637?
True
Is 2293 a factor of 4272406?
False
Does 24 divide 142393224?
True
Is 20 a factor of 2371541925?
False
Is 8132 a factor of 2726276769?
False
Is 237 a factor of 10263048?
True
Is 219123486 a multiple of 18?
True
Does 29 divide 33342375?
False
Is 12009571 a multiple of 3346?
False
Is 1020 a factor of 33932340?
True
Does 249 divide 503219?
False
Is 5668537 a multiple of 18?
False
Is 3 a factor of 12209007?
True
Does 169 divide 13745953?
True
Is 10 a factor of 13831000?
True
Is 1425 a factor of 347635875?
True
Is 1195145822 a multiple of 7033?
True
Does 201 divide 3217786287?
True
Is 62 a factor of 1419927100?
True
Does 5 divide 2477833?
False
Is 47764515 a multiple of 373?
True
Is 19567195 a multiple of 1604?
False
Does 37 divide 811942902?
False
Is 42789379 a multiple of 88?
False
Is 1046905407 a multiple of 7082?
False
Is 111 a factor of 17479527?
False
Does 466 divide 457739978?
False
Does 1769 divide 57442968?
True
Does 19 divide 30807267?
False
Does 138 divide 14826720?
True
Is 4587079524 a multiple of 258?
True
Does 30 divide 56437242?
False
Is 538435566 a multiple of 6?
True
Does 1463 divide 262801208?
False
Does 394 divide 738584694?
False
Does 9 divide 51510231?
True
Is 207467343 a multiple of 109?
False
Is 8 a factor of 73320728?
True
Does 228 divide 190343064?
True
Is 180579474 a multiple of 5?
False
Is 14095432 a multiple of 391?
False
Is 22 a factor of 6583025570?
True
Is 39521610 a multiple of 31?
False
Does 154 divide 23369192?
True
Is 94030907 a multiple of 80?
False
Is 173115145 a multiple of 15?
False
Is 48379920 a multiple of 1410?
True
Is 34291596 a multiple of 144?
False
Is 43063615 a multiple of 2027?
True
Is 364301025 a multiple of 365?
True
Is 57 a factor of 2419991658?
True
Does 674 divide 26678698?
False
Is 656 a factor of 569865232?
True
Is 112445 a multiple of 7?
False
Is 25942704 a multiple of 24?
True
Is 6 a factor of 14850750?
True
Does 188 divide 45146508?
True
Is 113 a factor of 61724146?
False
Is 745 a factor of 163252528?
False
Is 395 a factor of 52428350?
True
Is 7 a factor of 16209476?
False
Does 623 divide 360328976?
False
Is 903484897 a multiple of 287?
True
Is 15 a factor of 43392063?
False
Does 1489 divide 7433124?
False
Is 125730170 a multiple of 8?
False
Is 248052761 a multiple of 143?
False
Is 1834 a factor of 25587583?
False
Is 215010911 a multiple of 197?
False
Is 1522 a factor of 1731517656?
False
Is 19 a factor of 70495891?
False
Is 37 a factor of 5963237?
False
Is 1243668790 a multiple of 215?
True
Is 275863440 a multiple of 3928?
True
Does 843 divide 136166353?
False
Is 3023792 a multiple of 94?
True
Does 18 divide 30945132?
True
Does 1137 divide 1808033?
False
Does 3 divide 84052347?
True
Is 470467530 a multiple of 23?
True
Is 42100146 a multiple of 906?
False
Is 1268714951 a multiple of 12?
False
Is 11 a factor of 6191586?
False
Is 4016822803 a multiple of 313?
False
Does 3031 divide 44098019?
True
Does 1232 divide 1243707696?
True
Is 184457425 a multiple of 79?
False
Does 69 divide 47939477?
False
Does 1517 divide 44605868?
True
Is 114036961 a multiple of 829?
False
Is 269 a factor of 582196700?
True
Does 208 divide 642243016?
False
Does 221 divide 2377262554?
False
Is 163406840 a multiple of 190?
True
Does 1864 divide 68430151?
False
Is 188 a factor of 3471307?
False
Is 45001410 a multiple of 5665?
False
Is 1452 a factor of 3071771?
False
Is 565744414 a multiple of 3289?
False
Is 218 a factor of 16150407?
False
Does 6 divide 295732884?
True
Does 274 divide 159988550?
False
Does 256 divide 1110759680?
True
Does 44 divide 854977772?
True
Is 3 a factor of 133096849?
False
Does 1111 divide 11605506?
True
Is 10 a factor of 33098550?
True
Is 5769549835 a multiple of 14?
False
Does 346 divide 87158092?
True
Is 28 a factor of 257416360?
False
Is 384712779 a multiple of 19?
True
Is 50461740 a multiple of 524?
False
Does 5 divide 4373039?
False
Is 213481300 a multiple of 50?
True
Is 202484044 a multiple of 28?
True
Does 345 divide 35684942?
False
Is 4683543832 a multiple of 356?
True
Does 1116 divide 11878918?
False
Does 37 divide 852518998?
True
Is 60 a factor of 168619500?
True
Does 14 divide 5064604698?
False
Is 90 a factor of 182404925?
False
Does 21 divide 73632256?
False
Does 38 divide 1168417813?
False
Is 2697628425 a multiple of 16?
False
Does 25 divide 1306106319?
False
Is 2376000 a multiple of 200?
True
Is 57703198 a multiple of 49?
False
Does 1079 divide 6317193?
False
Does 34 divide 932646157?
False
Is 148 a factor of 185752579?
False
Is 5004 a factor of 6498590718?
False
Is 214 a factor of 34873165?
False
Is 38314768 a multiple of 10?
False
Does 20 divide 32193851?
False
Does 8996 divide 527552428?
True
Is 56 a factor of 328474827?
False
Is 346 a factor of 88223097?
False
Is 41 a factor of 26800593?
True
Is 7 a factor of 178832151?
False
Is 3 a factor of 44606061?
True
Is 1015 a factor of 95623150?
True
Is 100021428 a multiple of 106?
False
Is 30799396 a multiple of 706?
False
Is 78 a factor of 7140373890?
True
Is 111251728 a multiple of 15?
False
Does 1237 divide 2295237319?
False
Does 28 divide 5298076?
True
Does 970 divide 42951569?
False
Does 3604 divide 313310136?
True
Does 115 divide 269711336?
False
Does 460 divide 3082021160?
True
Is 2351353044 a multiple of 140?
False
Is 224541165 a multiple of 440?
False
Is 45